{"id":569,"date":"2023-06-16T11:07:52","date_gmt":"2023-06-16T11:07:52","guid":{"rendered":"https:\/\/www.layerforged.com\/?post_type=product&#038;p=569"},"modified":"2023-12-05T07:12:37","modified_gmt":"2023-12-05T07:12:37","slug":"mimic-door-for-heroquest-and-two-doors","status":"publish","type":"product","link":"https:\/\/www.layerforged.com\/index.php\/producto\/mimic-door-for-heroquest-and-two-doors\/","title":{"rendered":"Mimic door for Heroquest and two doors (STL descargable)"},"content":{"rendered":"<p><strong>Print it yourself!<\/strong><\/p>\n<p>Included in this file:<\/p>\n<p>6 models (3 supported, 3 unsupported):<br \/>\n-Mimic door (Supported and unsupported STL files).<br \/>\n-Door (Supported and unsupported STL files).<br \/>\n-Door Arch (Supported and unsupported STL files).<\/p>\n<p>The supports were made in Chitubox and are the same used in our store to print this models.<\/p>\n<p>\u00bfQu\u00e9 incluye este producto?<\/p>\n<p>6 modelos 3D (3 con soporte, 3 sin soporte):<br \/>\n-M\u00edmico puerta (con y sin soporte).<br \/>\n-Puerta (con y sin soporte).<br \/>\n-Arco de puerta (con y sin soporte).<\/p>\n<p>Los soportes se han hecho con el programa Chitubox y son los mismos que utilizamos para la versi\u00f3n impresa de nuestra tienda.<\/p>\n<p><strong>Terms and Conditions<\/strong><\/p>\n<p>You may only use the content provided by me for personal use, and you are not allowed to distribute or sell the files nor the prints.<br \/>\nYou can&#8217;t edit the STL&#8217;s or use portions of them to create new Content.<br \/>\nYou can cut\/resize the files to fit better your printer but you can&#8217;t share those derivatives.<br \/>\nYou can&#8217;t make cast\/molds of my models, any kind of mass production is prohibited.<br \/>\nThe files cannot be used in any other project or crowdfunding platform.<\/p>\n<p><strong>Condiciones legales<\/strong><\/p>\n<p>Archivos s\u00f3lo v\u00e1lidos para uso personal, quedando prohibida su venta o distribuci\u00f3n.<br \/>\nEl usuario no puede alterar o usar partes del producto para crear nuevo contenido.<br \/>\nEl usuario puede trocear o cambiar el tama\u00f1o de impresi\u00f3n, pero no puede compartir o vender estos archivos derivados del original.<br \/>\nNo se pueden crear moldes o cualquier tipo de producci\u00f3n o venta.<br \/>\nLos archivos no pueden usarse en ning\u00fan proyecto ni plataforma de crowdfunding.<\/p>\n","protected":false},"excerpt":{"rendered":"<p>Print it yourself!<\/p>\n<p>Included in this file:<\/p>\n<p>6 models (3 supported, 3 unsupported):<br \/>\n-Mimic door (Supported and unsupported STL files).<br \/>\n-Door (Supported and unsupported STL files).<br \/>\n-Door Arch (Supported and unsupported STL files).<\/p>\n<p>The supports were made in Chitubox and are the same used in our store to print this models.<\/p>\n<p>File compressed in .7z format<br \/>\nhttps:\/\/www.7-zip.org\/<\/p>\n<p>\u00a1Impr\u00edmelo t\u00fa mismo!<\/p>\n<p>\u00bfQu\u00e9 incluye este producto descargable?<\/p>\n<p>6 modelos 3D (3 con soporte, 3 sin soporte):<br \/>\n-M\u00edmico puerta (con y sin soporte).<br \/>\n-Puerta (con y sin soporte).<br \/>\n-Arco de puerta (con y sin soporte).<\/p>\n<p>Los soportes se han hecho con el programa Chitubox y son los mismos que utilizamos para la versi\u00f3n impresa de nuestra tienda.<\/p>\n<p>Archivo comprimido en formato .7z<br \/>\nhttps:\/\/www.7-zip.org\/<\/p>\n<p><strong>Terms and Conditions<\/strong><\/p>\n<p>You may only use the content provided by me for personal use, and you are not allowed to distribute or sell the files nor the prints.<br \/>\nYou can&#8217;t edit the STL&#8217;s or use portions of them to create new Content.<br \/>\nYou can cut\/resize the files to fit better your printer but you can&#8217;t share those derivatives.<br \/>\nYou can&#8217;t make cast\/molds of my models, any kind of mass production is prohibited.<br \/>\nThe files cannot be used in any other project or crowdfunding platform.<\/p>\n","protected":false},"featured_media":619,"comment_status":"open","ping_status":"closed","template":"","meta":[],"product_cat":[26,33],"product_tag":[37,35,38,36,39,34],"yoast_head":"<!-- This site is optimized with the Yoast SEO plugin v20.2.1 - https:\/\/yoast.com\/wordpress\/plugins\/seo\/ -->\n<title>Mimic door for Heroquest and two doors (STL descargable) - Layerforged - Miniaturas 3d impresas en resina<\/title>\n<meta name=\"robots\" content=\"index, follow, max-snippet:-1, max-image-preview:large, max-video-preview:-1\" \/>\n<link rel=\"canonical\" href=\"https:\/\/www.layerforged.com\/index.php\/producto\/mimic-door-for-heroquest-and-two-doors\/\" \/>\n<meta property=\"og:locale\" content=\"es_ES\" \/>\n<meta property=\"og:type\" content=\"article\" \/>\n<meta property=\"og:title\" content=\"Mimic door for Heroquest and two doors (STL descargable) - Layerforged - Miniaturas 3d impresas en resina\" \/>\n<meta property=\"og:description\" content=\"Print it yourself!  Included in this file:  6 models (3 supported, 3 unsupported): -Mimic door (Supported and unsupported STL files). -Door (Supported and unsupported STL files). -Door Arch (Supported and unsupported STL files).  The supports were made in Chitubox and are the same used in our store to print this models.  File compressed in .7z format https:\/\/www.7-zip.org\/  \u00a1Impr\u00edmelo t\u00fa mismo!  \u00bfQu\u00e9 incluye este producto descargable?  6 modelos 3D (3 con soporte, 3 sin soporte): -M\u00edmico puerta (con y sin soporte). -Puerta (con y sin soporte). -Arco de puerta (con y sin soporte).  Los soportes se han hecho con el programa Chitubox y son los mismos que utilizamos para la versi\u00f3n impresa de nuestra tienda.  Archivo comprimido en formato .7z https:\/\/www.7-zip.org\/  Terms and Conditions  You may only use the content provided by me for personal use, and you are not allowed to distribute or sell the files nor the prints. You can&#039;t edit the STL&#039;s or use portions of them to create new Content. You can cut\/resize the files to fit better your printer but you can&#039;t share those derivatives. You can&#039;t make cast\/molds of my models, any kind of mass production is prohibited. The files cannot be used in any other project or crowdfunding platform.\" \/>\n<meta property=\"og:url\" content=\"https:\/\/www.layerforged.com\/index.php\/producto\/mimic-door-for-heroquest-and-two-doors\/\" \/>\n<meta property=\"og:site_name\" content=\"Layerforged - Miniaturas 3d impresas en resina\" \/>\n<meta property=\"article:publisher\" content=\"https:\/\/www.facebook.com\/layerforged\" \/>\n<meta property=\"article:modified_time\" content=\"2023-12-05T07:12:37+00:00\" \/>\n<meta property=\"og:image\" content=\"https:\/\/www.layerforged.com\/wp-content\/uploads\/2023\/06\/stl_file-1.jpg\" \/>\n\t<meta property=\"og:image:width\" content=\"1280\" \/>\n\t<meta property=\"og:image:height\" content=\"1280\" \/>\n\t<meta property=\"og:image:type\" content=\"image\/jpeg\" \/>\n<meta name=\"twitter:card\" content=\"summary_large_image\" \/>\n<meta name=\"twitter:site\" content=\"@ForgedLayer\" \/>\n<meta name=\"twitter:label1\" content=\"Tiempo de lectura\" \/>\n\t<meta name=\"twitter:data1\" content=\"2 minutos\" \/>\n<script type=\"application\/ld+json\" class=\"yoast-schema-graph\">{\"@context\":\"https:\/\/schema.org\",\"@graph\":[{\"@type\":\"WebPage\",\"@id\":\"https:\/\/www.layerforged.com\/index.php\/producto\/mimic-door-for-heroquest-and-two-doors\/\",\"url\":\"https:\/\/www.layerforged.com\/index.php\/producto\/mimic-door-for-heroquest-and-two-doors\/\",\"name\":\"Mimic door for Heroquest and two doors (STL descargable) - Layerforged - Miniaturas 3d impresas en resina\",\"isPartOf\":{\"@id\":\"https:\/\/www.layerforged.com\/#website\"},\"datePublished\":\"2023-06-16T11:07:52+00:00\",\"dateModified\":\"2023-12-05T07:12:37+00:00\",\"breadcrumb\":{\"@id\":\"https:\/\/www.layerforged.com\/index.php\/producto\/mimic-door-for-heroquest-and-two-doors\/#breadcrumb\"},\"inLanguage\":\"es\",\"potentialAction\":[{\"@type\":\"ReadAction\",\"target\":[\"https:\/\/www.layerforged.com\/index.php\/producto\/mimic-door-for-heroquest-and-two-doors\/\"]}]},{\"@type\":\"BreadcrumbList\",\"@id\":\"https:\/\/www.layerforged.com\/index.php\/producto\/mimic-door-for-heroquest-and-two-doors\/#breadcrumb\",\"itemListElement\":[{\"@type\":\"ListItem\",\"position\":1,\"name\":\"Portada\",\"item\":\"https:\/\/www.layerforged.com\/\"},{\"@type\":\"ListItem\",\"position\":2,\"name\":\"Tienda\",\"item\":\"https:\/\/www.layerforged.com\/\"},{\"@type\":\"ListItem\",\"position\":3,\"name\":\"Mimic door for Heroquest and two doors (STL descargable)\"}]},{\"@type\":\"WebSite\",\"@id\":\"https:\/\/www.layerforged.com\/#website\",\"url\":\"https:\/\/www.layerforged.com\/\",\"name\":\"Layerforged - Miniaturas 3d impresas en resina\",\"description\":\"Tienda de miniaturas para D&amp;D (Dungeons and Dragons), Pathfinder y otros juegos de fantas\u00eda.\",\"publisher\":{\"@id\":\"https:\/\/www.layerforged.com\/#organization\"},\"potentialAction\":[{\"@type\":\"SearchAction\",\"target\":{\"@type\":\"EntryPoint\",\"urlTemplate\":\"https:\/\/www.layerforged.com\/?s={search_term_string}\"},\"query-input\":\"required name=search_term_string\"}],\"inLanguage\":\"es\"},{\"@type\":\"Organization\",\"@id\":\"https:\/\/www.layerforged.com\/#organization\",\"name\":\"Layerforged - Miniaturas 3d impresas en resina\",\"url\":\"https:\/\/www.layerforged.com\/\",\"logo\":{\"@type\":\"ImageObject\",\"inLanguage\":\"es\",\"@id\":\"https:\/\/www.layerforged.com\/#\/schema\/logo\/image\/\",\"url\":\"https:\/\/www.layerforged.com\/wp-content\/uploads\/2022\/06\/cropped-logo-layer.jpg\",\"contentUrl\":\"https:\/\/www.layerforged.com\/wp-content\/uploads\/2022\/06\/cropped-logo-layer.jpg\",\"width\":1240,\"height\":653,\"caption\":\"Layerforged - Miniaturas 3d impresas en resina\"},\"image\":{\"@id\":\"https:\/\/www.layerforged.com\/#\/schema\/logo\/image\/\"},\"sameAs\":[\"https:\/\/www.facebook.com\/layerforged\",\"https:\/\/twitter.com\/ForgedLayer\",\"https:\/\/www.instagram.com\/layerforged\/\",\"https:\/\/www.tiktok.com\/@layerforged\"]}]}<\/script>\n<!-- \/ Yoast SEO plugin. -->","yoast_head_json":{"title":"Mimic door for Heroquest and two doors (STL descargable) - Layerforged - Miniaturas 3d impresas en resina","robots":{"index":"index","follow":"follow","max-snippet":"max-snippet:-1","max-image-preview":"max-image-preview:large","max-video-preview":"max-video-preview:-1"},"canonical":"https:\/\/www.layerforged.com\/index.php\/producto\/mimic-door-for-heroquest-and-two-doors\/","og_locale":"es_ES","og_type":"article","og_title":"Mimic door for Heroquest and two doors (STL descargable) - Layerforged - Miniaturas 3d impresas en resina","og_description":"Print it yourself!  Included in this file:  6 models (3 supported, 3 unsupported): -Mimic door (Supported and unsupported STL files). -Door (Supported and unsupported STL files). -Door Arch (Supported and unsupported STL files).  The supports were made in Chitubox and are the same used in our store to print this models.  File compressed in .7z format https:\/\/www.7-zip.org\/  \u00a1Impr\u00edmelo t\u00fa mismo!  \u00bfQu\u00e9 incluye este producto descargable?  6 modelos 3D (3 con soporte, 3 sin soporte): -M\u00edmico puerta (con y sin soporte). -Puerta (con y sin soporte). -Arco de puerta (con y sin soporte).  Los soportes se han hecho con el programa Chitubox y son los mismos que utilizamos para la versi\u00f3n impresa de nuestra tienda.  Archivo comprimido en formato .7z https:\/\/www.7-zip.org\/  Terms and Conditions  You may only use the content provided by me for personal use, and you are not allowed to distribute or sell the files nor the prints. You can't edit the STL's or use portions of them to create new Content. You can cut\/resize the files to fit better your printer but you can't share those derivatives. You can't make cast\/molds of my models, any kind of mass production is prohibited. The files cannot be used in any other project or crowdfunding platform.","og_url":"https:\/\/www.layerforged.com\/index.php\/producto\/mimic-door-for-heroquest-and-two-doors\/","og_site_name":"Layerforged - Miniaturas 3d impresas en resina","article_publisher":"https:\/\/www.facebook.com\/layerforged","article_modified_time":"2023-12-05T07:12:37+00:00","og_image":[{"width":1280,"height":1280,"url":"https:\/\/www.layerforged.com\/wp-content\/uploads\/2023\/06\/stl_file-1.jpg","type":"image\/jpeg"}],"twitter_card":"summary_large_image","twitter_site":"@ForgedLayer","twitter_misc":{"Tiempo de lectura":"2 minutos"},"schema":{"@context":"https:\/\/schema.org","@graph":[{"@type":"WebPage","@id":"https:\/\/www.layerforged.com\/index.php\/producto\/mimic-door-for-heroquest-and-two-doors\/","url":"https:\/\/www.layerforged.com\/index.php\/producto\/mimic-door-for-heroquest-and-two-doors\/","name":"Mimic door for Heroquest and two doors (STL descargable) - Layerforged - Miniaturas 3d impresas en resina","isPartOf":{"@id":"https:\/\/www.layerforged.com\/#website"},"datePublished":"2023-06-16T11:07:52+00:00","dateModified":"2023-12-05T07:12:37+00:00","breadcrumb":{"@id":"https:\/\/www.layerforged.com\/index.php\/producto\/mimic-door-for-heroquest-and-two-doors\/#breadcrumb"},"inLanguage":"es","potentialAction":[{"@type":"ReadAction","target":["https:\/\/www.layerforged.com\/index.php\/producto\/mimic-door-for-heroquest-and-two-doors\/"]}]},{"@type":"BreadcrumbList","@id":"https:\/\/www.layerforged.com\/index.php\/producto\/mimic-door-for-heroquest-and-two-doors\/#breadcrumb","itemListElement":[{"@type":"ListItem","position":1,"name":"Portada","item":"https:\/\/www.layerforged.com\/"},{"@type":"ListItem","position":2,"name":"Tienda","item":"https:\/\/www.layerforged.com\/"},{"@type":"ListItem","position":3,"name":"Mimic door for Heroquest and two doors (STL descargable)"}]},{"@type":"WebSite","@id":"https:\/\/www.layerforged.com\/#website","url":"https:\/\/www.layerforged.com\/","name":"Layerforged - Miniaturas 3d impresas en resina","description":"Tienda de miniaturas para D&amp;D (Dungeons and Dragons), Pathfinder y otros juegos de fantas\u00eda.","publisher":{"@id":"https:\/\/www.layerforged.com\/#organization"},"potentialAction":[{"@type":"SearchAction","target":{"@type":"EntryPoint","urlTemplate":"https:\/\/www.layerforged.com\/?s={search_term_string}"},"query-input":"required name=search_term_string"}],"inLanguage":"es"},{"@type":"Organization","@id":"https:\/\/www.layerforged.com\/#organization","name":"Layerforged - Miniaturas 3d impresas en resina","url":"https:\/\/www.layerforged.com\/","logo":{"@type":"ImageObject","inLanguage":"es","@id":"https:\/\/www.layerforged.com\/#\/schema\/logo\/image\/","url":"https:\/\/www.layerforged.com\/wp-content\/uploads\/2022\/06\/cropped-logo-layer.jpg","contentUrl":"https:\/\/www.layerforged.com\/wp-content\/uploads\/2022\/06\/cropped-logo-layer.jpg","width":1240,"height":653,"caption":"Layerforged - Miniaturas 3d impresas en resina"},"image":{"@id":"https:\/\/www.layerforged.com\/#\/schema\/logo\/image\/"},"sameAs":["https:\/\/www.facebook.com\/layerforged","https:\/\/twitter.com\/ForgedLayer","https:\/\/www.instagram.com\/layerforged\/","https:\/\/www.tiktok.com\/@layerforged"]}]}},"_links":{"self":[{"href":"https:\/\/www.layerforged.com\/index.php\/wp-json\/wp\/v2\/product\/569"}],"collection":[{"href":"https:\/\/www.layerforged.com\/index.php\/wp-json\/wp\/v2\/product"}],"about":[{"href":"https:\/\/www.layerforged.com\/index.php\/wp-json\/wp\/v2\/types\/product"}],"replies":[{"embeddable":true,"href":"https:\/\/www.layerforged.com\/index.php\/wp-json\/wp\/v2\/comments?post=569"}],"wp:featuredmedia":[{"embeddable":true,"href":"https:\/\/www.layerforged.com\/index.php\/wp-json\/wp\/v2\/media\/619"}],"wp:attachment":[{"href":"https:\/\/www.layerforged.com\/index.php\/wp-json\/wp\/v2\/media?parent=569"}],"wp:term":[{"taxonomy":"product_cat","embeddable":true,"href":"https:\/\/www.layerforged.com\/index.php\/wp-json\/wp\/v2\/product_cat?post=569"},{"taxonomy":"product_tag","embeddable":true,"href":"https:\/\/www.layerforged.com\/index.php\/wp-json\/wp\/v2\/product_tag?post=569"}],"curies":[{"name":"wp","href":"https:\/\/api.w.org\/{rel}","templated":true}]}}