{"id":431,"date":"2023-03-29T17:09:01","date_gmt":"2023-03-29T17:09:01","guid":{"rendered":"https:\/\/www.layerforged.com\/?post_type=product&#038;p=431"},"modified":"2023-04-02T08:49:42","modified_gmt":"2023-04-02T08:49:42","slug":"garras-reptantes-5-unidades-28mm","status":"publish","type":"product","link":"https:\/\/www.layerforged.com\/index.php\/producto\/garras-reptantes-5-unidades-28mm\/","title":{"rendered":"Garras reptantes &#8211; 5 unidades &#8211; (28mm.)"},"content":{"rendered":"<p>Como Cosa, de la Familia Adams, pero con extra de hueso. \u00a1Mucho ojo con pedirles que te echen una mano&#8230; ir\u00e1n al cuello!<\/p>\n<p>Apropiado para juegos de fantas\u00eda como Dungeons and Dragons (DND), Pathfinder, Heroquest y similares.<\/p>\n<p>Este producto (Garras reptantes &#8211; Crawling Claws) contiene 5 unidades, que pueden observarse en la fotograf\u00eda del producto:<br \/>\n2 unidades de cada mano peque\u00f1a y 1 unidad de &#8220;mano de Orco&#8221;, de un tama\u00f1o superior.<\/p>\n<p>Descripci\u00f3n t\u00e9cnica:<br \/>\nAltura: 1 cm.<br \/>\nMaterial: Resina ABS-Like*.<\/p>\n<p>*Los tonos de gris de la resina pueden variar respecto a la imagen del producto dependiendo de la marca de la resina, pero siempre se imprime la miniatura maciza, con resina ABS-Like de la m\u00e1s alta calidad.<\/p>\n<p>**El dado de la imagen no est\u00e1 incluido en el producto, se muestra como referencia de tama\u00f1o.<\/p>\n<p>***Por cuestiones de tama\u00f1o la proporci\u00f3n de las manos (supuestamente) humanas es m\u00e1s grande que el tama\u00f1o de la mano de una miniatura de 28mm.\/32mm. Ver fotograf\u00eda junto al dado para comprobar proporciones.<\/p>\n<p>&nbsp;<\/p>\n","protected":false},"excerpt":{"rendered":"<p>Como Cosa, de la Familia Adams, pero con extra de hueso. \u00a1Mucho ojo con pedirles que te echen una mano&#8230; ir\u00e1n al cuello!<\/p>\n<p>Apropiado para juegos de fantas\u00eda como Dungeons and Dragons (DND), Pathfinder, Heroquest y similares.<\/p>\n<p>Este producto (Garras reptantes &#8211; Crawling Claws) contiene 5 unidades, que pueden observarse en la fotograf\u00eda del producto:<br \/>\n2 unidades de cada mano peque\u00f1a y 1 unidad de &#8220;mano de Orco&#8221;, de un tama\u00f1o superior.<\/p>\n","protected":false},"featured_media":439,"comment_status":"open","ping_status":"closed","template":"","meta":[],"product_cat":[21,30],"product_tag":[],"yoast_head":"<!-- This site is optimized with the Yoast SEO plugin v20.2.1 - https:\/\/yoast.com\/wordpress\/plugins\/seo\/ -->\n<title>Miniatura de Garras reptantes - 5 unidades - (28mm.) -<\/title>\n<meta name=\"description\" content=\"Miniatura de garras reptantes (crawling claws) para mazmorras de juegos como Dungeons and dragons (dragones y mazmorras, dnd, d&amp;d) Pathfinder, Heroquest.\" \/>\n<meta name=\"robots\" content=\"index, follow, max-snippet:-1, max-image-preview:large, max-video-preview:-1\" \/>\n<link rel=\"canonical\" href=\"https:\/\/www.layerforged.com\/index.php\/producto\/garras-reptantes-5-unidades-28mm\/\" \/>\n<meta property=\"og:locale\" content=\"es_ES\" \/>\n<meta property=\"og:type\" content=\"article\" \/>\n<meta property=\"og:title\" content=\"Miniatura de Garras reptantes - 5 unidades - (28mm.) -\" \/>\n<meta property=\"og:description\" content=\"Miniatura de garras reptantes (crawling claws) para mazmorras de juegos como Dungeons and dragons (dragones y mazmorras, dnd, d&amp;d) Pathfinder, Heroquest.\" \/>\n<meta property=\"og:url\" content=\"https:\/\/www.layerforged.com\/index.php\/producto\/garras-reptantes-5-unidades-28mm\/\" \/>\n<meta property=\"og:site_name\" content=\"Layerforged - Miniaturas 3d impresas en resina\" \/>\n<meta property=\"article:publisher\" content=\"https:\/\/www.facebook.com\/layerforged\" \/>\n<meta property=\"article:modified_time\" content=\"2023-04-02T08:49:42+00:00\" \/>\n<meta property=\"og:image\" content=\"https:\/\/www.layerforged.com\/wp-content\/uploads\/2023\/03\/garras_pr_00.jpg\" \/>\n\t<meta property=\"og:image:width\" content=\"1280\" \/>\n\t<meta property=\"og:image:height\" content=\"1280\" \/>\n\t<meta property=\"og:image:type\" content=\"image\/jpeg\" \/>\n<meta name=\"twitter:card\" content=\"summary_large_image\" \/>\n<meta name=\"twitter:site\" content=\"@ForgedLayer\" \/>\n<meta name=\"twitter:label1\" content=\"Tiempo de lectura\" \/>\n\t<meta name=\"twitter:data1\" content=\"1 minuto\" \/>\n<script type=\"application\/ld+json\" class=\"yoast-schema-graph\">{\"@context\":\"https:\/\/schema.org\",\"@graph\":[{\"@type\":\"WebPage\",\"@id\":\"https:\/\/www.layerforged.com\/index.php\/producto\/garras-reptantes-5-unidades-28mm\/\",\"url\":\"https:\/\/www.layerforged.com\/index.php\/producto\/garras-reptantes-5-unidades-28mm\/\",\"name\":\"Miniatura de Garras reptantes - 5 unidades - (28mm.) -\",\"isPartOf\":{\"@id\":\"https:\/\/www.layerforged.com\/#website\"},\"datePublished\":\"2023-03-29T17:09:01+00:00\",\"dateModified\":\"2023-04-02T08:49:42+00:00\",\"description\":\"Miniatura de garras reptantes (crawling claws) para mazmorras de juegos como Dungeons and dragons (dragones y mazmorras, dnd, d&d) Pathfinder, Heroquest.\",\"breadcrumb\":{\"@id\":\"https:\/\/www.layerforged.com\/index.php\/producto\/garras-reptantes-5-unidades-28mm\/#breadcrumb\"},\"inLanguage\":\"es\",\"potentialAction\":[{\"@type\":\"ReadAction\",\"target\":[\"https:\/\/www.layerforged.com\/index.php\/producto\/garras-reptantes-5-unidades-28mm\/\"]}]},{\"@type\":\"BreadcrumbList\",\"@id\":\"https:\/\/www.layerforged.com\/index.php\/producto\/garras-reptantes-5-unidades-28mm\/#breadcrumb\",\"itemListElement\":[{\"@type\":\"ListItem\",\"position\":1,\"name\":\"Portada\",\"item\":\"https:\/\/www.layerforged.com\/\"},{\"@type\":\"ListItem\",\"position\":2,\"name\":\"Tienda\",\"item\":\"https:\/\/www.layerforged.com\/\"},{\"@type\":\"ListItem\",\"position\":3,\"name\":\"Garras reptantes &#8211; 5 unidades &#8211; (28mm.)\"}]},{\"@type\":\"WebSite\",\"@id\":\"https:\/\/www.layerforged.com\/#website\",\"url\":\"https:\/\/www.layerforged.com\/\",\"name\":\"Layerforged - Miniaturas 3d impresas en resina\",\"description\":\"Tienda de miniaturas para D&amp;D (Dungeons and Dragons), Pathfinder y otros juegos de fantas\u00eda.\",\"publisher\":{\"@id\":\"https:\/\/www.layerforged.com\/#organization\"},\"potentialAction\":[{\"@type\":\"SearchAction\",\"target\":{\"@type\":\"EntryPoint\",\"urlTemplate\":\"https:\/\/www.layerforged.com\/?s={search_term_string}\"},\"query-input\":\"required name=search_term_string\"}],\"inLanguage\":\"es\"},{\"@type\":\"Organization\",\"@id\":\"https:\/\/www.layerforged.com\/#organization\",\"name\":\"Layerforged - Miniaturas 3d impresas en resina\",\"url\":\"https:\/\/www.layerforged.com\/\",\"logo\":{\"@type\":\"ImageObject\",\"inLanguage\":\"es\",\"@id\":\"https:\/\/www.layerforged.com\/#\/schema\/logo\/image\/\",\"url\":\"https:\/\/www.layerforged.com\/wp-content\/uploads\/2022\/06\/cropped-logo-layer.jpg\",\"contentUrl\":\"https:\/\/www.layerforged.com\/wp-content\/uploads\/2022\/06\/cropped-logo-layer.jpg\",\"width\":1240,\"height\":653,\"caption\":\"Layerforged - Miniaturas 3d impresas en resina\"},\"image\":{\"@id\":\"https:\/\/www.layerforged.com\/#\/schema\/logo\/image\/\"},\"sameAs\":[\"https:\/\/www.facebook.com\/layerforged\",\"https:\/\/twitter.com\/ForgedLayer\",\"https:\/\/www.instagram.com\/layerforged\/\",\"https:\/\/www.tiktok.com\/@layerforged\"]}]}<\/script>\n<!-- \/ Yoast SEO plugin. -->","yoast_head_json":{"title":"Miniatura de Garras reptantes - 5 unidades - (28mm.) -","description":"Miniatura de garras reptantes (crawling claws) para mazmorras de juegos como Dungeons and dragons (dragones y mazmorras, dnd, d&d) Pathfinder, Heroquest.","robots":{"index":"index","follow":"follow","max-snippet":"max-snippet:-1","max-image-preview":"max-image-preview:large","max-video-preview":"max-video-preview:-1"},"canonical":"https:\/\/www.layerforged.com\/index.php\/producto\/garras-reptantes-5-unidades-28mm\/","og_locale":"es_ES","og_type":"article","og_title":"Miniatura de Garras reptantes - 5 unidades - (28mm.) -","og_description":"Miniatura de garras reptantes (crawling claws) para mazmorras de juegos como Dungeons and dragons (dragones y mazmorras, dnd, d&d) Pathfinder, Heroquest.","og_url":"https:\/\/www.layerforged.com\/index.php\/producto\/garras-reptantes-5-unidades-28mm\/","og_site_name":"Layerforged - Miniaturas 3d impresas en resina","article_publisher":"https:\/\/www.facebook.com\/layerforged","article_modified_time":"2023-04-02T08:49:42+00:00","og_image":[{"width":1280,"height":1280,"url":"https:\/\/www.layerforged.com\/wp-content\/uploads\/2023\/03\/garras_pr_00.jpg","type":"image\/jpeg"}],"twitter_card":"summary_large_image","twitter_site":"@ForgedLayer","twitter_misc":{"Tiempo de lectura":"1 minuto"},"schema":{"@context":"https:\/\/schema.org","@graph":[{"@type":"WebPage","@id":"https:\/\/www.layerforged.com\/index.php\/producto\/garras-reptantes-5-unidades-28mm\/","url":"https:\/\/www.layerforged.com\/index.php\/producto\/garras-reptantes-5-unidades-28mm\/","name":"Miniatura de Garras reptantes - 5 unidades - (28mm.) -","isPartOf":{"@id":"https:\/\/www.layerforged.com\/#website"},"datePublished":"2023-03-29T17:09:01+00:00","dateModified":"2023-04-02T08:49:42+00:00","description":"Miniatura de garras reptantes (crawling claws) para mazmorras de juegos como Dungeons and dragons (dragones y mazmorras, dnd, d&d) Pathfinder, Heroquest.","breadcrumb":{"@id":"https:\/\/www.layerforged.com\/index.php\/producto\/garras-reptantes-5-unidades-28mm\/#breadcrumb"},"inLanguage":"es","potentialAction":[{"@type":"ReadAction","target":["https:\/\/www.layerforged.com\/index.php\/producto\/garras-reptantes-5-unidades-28mm\/"]}]},{"@type":"BreadcrumbList","@id":"https:\/\/www.layerforged.com\/index.php\/producto\/garras-reptantes-5-unidades-28mm\/#breadcrumb","itemListElement":[{"@type":"ListItem","position":1,"name":"Portada","item":"https:\/\/www.layerforged.com\/"},{"@type":"ListItem","position":2,"name":"Tienda","item":"https:\/\/www.layerforged.com\/"},{"@type":"ListItem","position":3,"name":"Garras reptantes &#8211; 5 unidades &#8211; (28mm.)"}]},{"@type":"WebSite","@id":"https:\/\/www.layerforged.com\/#website","url":"https:\/\/www.layerforged.com\/","name":"Layerforged - Miniaturas 3d impresas en resina","description":"Tienda de miniaturas para D&amp;D (Dungeons and Dragons), Pathfinder y otros juegos de fantas\u00eda.","publisher":{"@id":"https:\/\/www.layerforged.com\/#organization"},"potentialAction":[{"@type":"SearchAction","target":{"@type":"EntryPoint","urlTemplate":"https:\/\/www.layerforged.com\/?s={search_term_string}"},"query-input":"required name=search_term_string"}],"inLanguage":"es"},{"@type":"Organization","@id":"https:\/\/www.layerforged.com\/#organization","name":"Layerforged - Miniaturas 3d impresas en resina","url":"https:\/\/www.layerforged.com\/","logo":{"@type":"ImageObject","inLanguage":"es","@id":"https:\/\/www.layerforged.com\/#\/schema\/logo\/image\/","url":"https:\/\/www.layerforged.com\/wp-content\/uploads\/2022\/06\/cropped-logo-layer.jpg","contentUrl":"https:\/\/www.layerforged.com\/wp-content\/uploads\/2022\/06\/cropped-logo-layer.jpg","width":1240,"height":653,"caption":"Layerforged - Miniaturas 3d impresas en resina"},"image":{"@id":"https:\/\/www.layerforged.com\/#\/schema\/logo\/image\/"},"sameAs":["https:\/\/www.facebook.com\/layerforged","https:\/\/twitter.com\/ForgedLayer","https:\/\/www.instagram.com\/layerforged\/","https:\/\/www.tiktok.com\/@layerforged"]}]}},"_links":{"self":[{"href":"https:\/\/www.layerforged.com\/index.php\/wp-json\/wp\/v2\/product\/431"}],"collection":[{"href":"https:\/\/www.layerforged.com\/index.php\/wp-json\/wp\/v2\/product"}],"about":[{"href":"https:\/\/www.layerforged.com\/index.php\/wp-json\/wp\/v2\/types\/product"}],"replies":[{"embeddable":true,"href":"https:\/\/www.layerforged.com\/index.php\/wp-json\/wp\/v2\/comments?post=431"}],"wp:featuredmedia":[{"embeddable":true,"href":"https:\/\/www.layerforged.com\/index.php\/wp-json\/wp\/v2\/media\/439"}],"wp:attachment":[{"href":"https:\/\/www.layerforged.com\/index.php\/wp-json\/wp\/v2\/media?parent=431"}],"wp:term":[{"taxonomy":"product_cat","embeddable":true,"href":"https:\/\/www.layerforged.com\/index.php\/wp-json\/wp\/v2\/product_cat?post=431"},{"taxonomy":"product_tag","embeddable":true,"href":"https:\/\/www.layerforged.com\/index.php\/wp-json\/wp\/v2\/product_tag?post=431"}],"curies":[{"name":"wp","href":"https:\/\/api.w.org\/{rel}","templated":true}]}}