{"id":1274,"date":"2025-03-25T19:34:29","date_gmt":"2025-03-25T19:34:29","guid":{"rendered":"https:\/\/www.layerforged.com\/?post_type=product&#038;p=1274"},"modified":"2025-11-04T01:26:08","modified_gmt":"2025-11-04T01:26:08","slug":"bugbears","status":"publish","type":"product","link":"https:\/\/www.layerforged.com\/index.php\/producto\/bugbears\/","title":{"rendered":"Bugbear Stalker + Bugbear Warrior (32 mm.) YA DISPONIBLE"},"content":{"rendered":"<p>Incluye 2 miniaturas: 1 Bugbear (Osgo) Warrior y 1 Bugbear Stalker<\/p>\n<p>Uno ruge, el otro susurra. El guerrero te parte en dos con una maza, el acechador ya estaba detr\u00e1s de ti antes de que terminaras de leer esto.<br data-start=\"345\" data-end=\"348\" \/>Perfectos para sembrar el terror en campamentos goblinoides, emboscadas o como matones de medio pelo con muy mala leche.<\/p>\n<p>Bugbear Stalker:<br \/>\nAltura: 6,5 cm<br \/>\nBase: 1,7 cm<\/p>\n<p>Bugbear warrior:<br \/>\nAltura: 5,1 cm<br \/>\nBase: 2,8 cm<\/p>\n<p>Material: Resina ABS-Like* gris.<\/p>\n<p>*Los tonos de gris de la resina pueden variar respecto a la imagen del producto dependiendo de la marca de la resina, pero siempre se imprime la miniatura maciza, con resina ABS-Like de la m\u00e1s alta calidad.<br \/>\n**Puede requerir una m\u00ednima limpieza y alg\u00fan peque\u00f1o acabado.<br \/>\n***El dado no est\u00e1 incluido, s\u00f3lo se muestra como referencia de tama\u00f1o.<\/p>\n","protected":false},"excerpt":{"rendered":"<p>Uno ruge, el otro susurra. El guerrero te parte en dos con una maza, el acechador ya estaba detr\u00e1s de ti antes de que terminaras de leer esto.<br data-start=\"345\" data-end=\"348\" \/>Perfectos para sembrar el terror en campamentos goblinoides, emboscadas o como matones de medio pelo con muy mala leche.<\/p>\n<p>Bugbear Stalker:<br \/>\nAltura: 6,5 cm<br \/>\nBase: 1,7 cm<\/p>\n<p>Bugbear warrior:<br \/>\nAltura: 5,1 cm<br \/>\nBase: 2,8 cm<\/p>\n<p>Material: Resina ABS-Like* gris.<\/p>\n<p>*Los tonos de gris de la resina pueden variar respecto a la imagen del producto dependiendo de la marca de la resina, pero siempre se imprime la miniatura maciza, con resina ABS-Like de la m\u00e1s alta calidad.<br \/>\n**Puede requerir una m\u00ednima limpieza y alg\u00fan peque\u00f1o acabado.<br \/>\n***El dado no est\u00e1 incluido, s\u00f3lo se muestra como referencia de tama\u00f1o.<\/p>\n","protected":false},"featured_media":1311,"comment_status":"open","ping_status":"closed","template":"","meta":[],"product_cat":[21,30],"product_tag":[38,39],"yoast_head":"<!-- This site is optimized with the Yoast SEO plugin v20.2.1 - https:\/\/yoast.com\/wordpress\/plugins\/seo\/ -->\n<title>Bugbear Stalker + Bugbear Warrior (32 mm.) YA DISPONIBLE - Layerforged - Miniaturas 3d impresas en resina<\/title>\n<meta name=\"description\" content=\"Miniaturas de osgos (bugbears) para DND y Pathfinder para juegos como Dragones y mazmorras (Dungeons and Dragons), Heroquest, etc.\" \/>\n<meta name=\"robots\" content=\"index, follow, max-snippet:-1, max-image-preview:large, max-video-preview:-1\" \/>\n<link rel=\"canonical\" href=\"https:\/\/www.layerforged.com\/index.php\/producto\/bugbears\/\" \/>\n<meta property=\"og:locale\" content=\"es_ES\" \/>\n<meta property=\"og:type\" content=\"article\" \/>\n<meta property=\"og:title\" content=\"Bugbear Stalker + Bugbear Warrior (32 mm.) YA DISPONIBLE - Layerforged - Miniaturas 3d impresas en resina\" \/>\n<meta property=\"og:description\" content=\"Miniaturas de osgos (bugbears) para DND y Pathfinder para juegos como Dragones y mazmorras (Dungeons and Dragons), Heroquest, etc.\" \/>\n<meta property=\"og:url\" content=\"https:\/\/www.layerforged.com\/index.php\/producto\/bugbears\/\" \/>\n<meta property=\"og:site_name\" content=\"Layerforged - Miniaturas 3d impresas en resina\" \/>\n<meta property=\"article:publisher\" content=\"https:\/\/www.facebook.com\/layerforged\" \/>\n<meta property=\"article:modified_time\" content=\"2025-11-04T01:26:08+00:00\" \/>\n<meta property=\"og:image\" content=\"https:\/\/www.layerforged.com\/wp-content\/uploads\/2025\/03\/20250424_130821.jpg\" \/>\n\t<meta property=\"og:image:width\" content=\"2344\" \/>\n\t<meta property=\"og:image:height\" content=\"2203\" \/>\n\t<meta property=\"og:image:type\" content=\"image\/jpeg\" \/>\n<meta name=\"twitter:card\" content=\"summary_large_image\" \/>\n<meta name=\"twitter:site\" content=\"@ForgedLayer\" \/>\n<meta name=\"twitter:label1\" content=\"Tiempo de lectura\" \/>\n\t<meta name=\"twitter:data1\" content=\"1 minuto\" \/>\n<script type=\"application\/ld+json\" class=\"yoast-schema-graph\">{\"@context\":\"https:\/\/schema.org\",\"@graph\":[{\"@type\":\"WebPage\",\"@id\":\"https:\/\/www.layerforged.com\/index.php\/producto\/bugbears\/\",\"url\":\"https:\/\/www.layerforged.com\/index.php\/producto\/bugbears\/\",\"name\":\"Bugbear Stalker + Bugbear Warrior (32 mm.) YA DISPONIBLE - Layerforged - Miniaturas 3d impresas en resina\",\"isPartOf\":{\"@id\":\"https:\/\/www.layerforged.com\/#website\"},\"datePublished\":\"2025-03-25T19:34:29+00:00\",\"dateModified\":\"2025-11-04T01:26:08+00:00\",\"description\":\"Miniaturas de osgos (bugbears) para DND y Pathfinder para juegos como Dragones y mazmorras (Dungeons and Dragons), Heroquest, etc.\",\"breadcrumb\":{\"@id\":\"https:\/\/www.layerforged.com\/index.php\/producto\/bugbears\/#breadcrumb\"},\"inLanguage\":\"es\",\"potentialAction\":[{\"@type\":\"ReadAction\",\"target\":[\"https:\/\/www.layerforged.com\/index.php\/producto\/bugbears\/\"]}]},{\"@type\":\"BreadcrumbList\",\"@id\":\"https:\/\/www.layerforged.com\/index.php\/producto\/bugbears\/#breadcrumb\",\"itemListElement\":[{\"@type\":\"ListItem\",\"position\":1,\"name\":\"Portada\",\"item\":\"https:\/\/www.layerforged.com\/\"},{\"@type\":\"ListItem\",\"position\":2,\"name\":\"Tienda\",\"item\":\"https:\/\/www.layerforged.com\/\"},{\"@type\":\"ListItem\",\"position\":3,\"name\":\"Bugbear Stalker + Bugbear Warrior (32 mm.) YA DISPONIBLE\"}]},{\"@type\":\"WebSite\",\"@id\":\"https:\/\/www.layerforged.com\/#website\",\"url\":\"https:\/\/www.layerforged.com\/\",\"name\":\"Layerforged - Miniaturas 3d impresas en resina\",\"description\":\"Tienda de miniaturas para D&amp;D (Dungeons and Dragons), Pathfinder y otros juegos de fantas\u00eda.\",\"publisher\":{\"@id\":\"https:\/\/www.layerforged.com\/#organization\"},\"potentialAction\":[{\"@type\":\"SearchAction\",\"target\":{\"@type\":\"EntryPoint\",\"urlTemplate\":\"https:\/\/www.layerforged.com\/?s={search_term_string}\"},\"query-input\":\"required name=search_term_string\"}],\"inLanguage\":\"es\"},{\"@type\":\"Organization\",\"@id\":\"https:\/\/www.layerforged.com\/#organization\",\"name\":\"Layerforged - Miniaturas 3d impresas en resina\",\"url\":\"https:\/\/www.layerforged.com\/\",\"logo\":{\"@type\":\"ImageObject\",\"inLanguage\":\"es\",\"@id\":\"https:\/\/www.layerforged.com\/#\/schema\/logo\/image\/\",\"url\":\"https:\/\/www.layerforged.com\/wp-content\/uploads\/2022\/06\/cropped-logo-layer.jpg\",\"contentUrl\":\"https:\/\/www.layerforged.com\/wp-content\/uploads\/2022\/06\/cropped-logo-layer.jpg\",\"width\":1240,\"height\":653,\"caption\":\"Layerforged - Miniaturas 3d impresas en resina\"},\"image\":{\"@id\":\"https:\/\/www.layerforged.com\/#\/schema\/logo\/image\/\"},\"sameAs\":[\"https:\/\/www.facebook.com\/layerforged\",\"https:\/\/twitter.com\/ForgedLayer\",\"https:\/\/www.instagram.com\/layerforged\/\",\"https:\/\/www.tiktok.com\/@layerforged\"]}]}<\/script>\n<!-- \/ Yoast SEO plugin. -->","yoast_head_json":{"title":"Bugbear Stalker + Bugbear Warrior (32 mm.) YA DISPONIBLE - Layerforged - Miniaturas 3d impresas en resina","description":"Miniaturas de osgos (bugbears) para DND y Pathfinder para juegos como Dragones y mazmorras (Dungeons and Dragons), Heroquest, etc.","robots":{"index":"index","follow":"follow","max-snippet":"max-snippet:-1","max-image-preview":"max-image-preview:large","max-video-preview":"max-video-preview:-1"},"canonical":"https:\/\/www.layerforged.com\/index.php\/producto\/bugbears\/","og_locale":"es_ES","og_type":"article","og_title":"Bugbear Stalker + Bugbear Warrior (32 mm.) YA DISPONIBLE - Layerforged - Miniaturas 3d impresas en resina","og_description":"Miniaturas de osgos (bugbears) para DND y Pathfinder para juegos como Dragones y mazmorras (Dungeons and Dragons), Heroquest, etc.","og_url":"https:\/\/www.layerforged.com\/index.php\/producto\/bugbears\/","og_site_name":"Layerforged - Miniaturas 3d impresas en resina","article_publisher":"https:\/\/www.facebook.com\/layerforged","article_modified_time":"2025-11-04T01:26:08+00:00","og_image":[{"width":2344,"height":2203,"url":"https:\/\/www.layerforged.com\/wp-content\/uploads\/2025\/03\/20250424_130821.jpg","type":"image\/jpeg"}],"twitter_card":"summary_large_image","twitter_site":"@ForgedLayer","twitter_misc":{"Tiempo de lectura":"1 minuto"},"schema":{"@context":"https:\/\/schema.org","@graph":[{"@type":"WebPage","@id":"https:\/\/www.layerforged.com\/index.php\/producto\/bugbears\/","url":"https:\/\/www.layerforged.com\/index.php\/producto\/bugbears\/","name":"Bugbear Stalker + Bugbear Warrior (32 mm.) YA DISPONIBLE - Layerforged - Miniaturas 3d impresas en resina","isPartOf":{"@id":"https:\/\/www.layerforged.com\/#website"},"datePublished":"2025-03-25T19:34:29+00:00","dateModified":"2025-11-04T01:26:08+00:00","description":"Miniaturas de osgos (bugbears) para DND y Pathfinder para juegos como Dragones y mazmorras (Dungeons and Dragons), Heroquest, etc.","breadcrumb":{"@id":"https:\/\/www.layerforged.com\/index.php\/producto\/bugbears\/#breadcrumb"},"inLanguage":"es","potentialAction":[{"@type":"ReadAction","target":["https:\/\/www.layerforged.com\/index.php\/producto\/bugbears\/"]}]},{"@type":"BreadcrumbList","@id":"https:\/\/www.layerforged.com\/index.php\/producto\/bugbears\/#breadcrumb","itemListElement":[{"@type":"ListItem","position":1,"name":"Portada","item":"https:\/\/www.layerforged.com\/"},{"@type":"ListItem","position":2,"name":"Tienda","item":"https:\/\/www.layerforged.com\/"},{"@type":"ListItem","position":3,"name":"Bugbear Stalker + Bugbear Warrior (32 mm.) YA DISPONIBLE"}]},{"@type":"WebSite","@id":"https:\/\/www.layerforged.com\/#website","url":"https:\/\/www.layerforged.com\/","name":"Layerforged - Miniaturas 3d impresas en resina","description":"Tienda de miniaturas para D&amp;D (Dungeons and Dragons), Pathfinder y otros juegos de fantas\u00eda.","publisher":{"@id":"https:\/\/www.layerforged.com\/#organization"},"potentialAction":[{"@type":"SearchAction","target":{"@type":"EntryPoint","urlTemplate":"https:\/\/www.layerforged.com\/?s={search_term_string}"},"query-input":"required name=search_term_string"}],"inLanguage":"es"},{"@type":"Organization","@id":"https:\/\/www.layerforged.com\/#organization","name":"Layerforged - Miniaturas 3d impresas en resina","url":"https:\/\/www.layerforged.com\/","logo":{"@type":"ImageObject","inLanguage":"es","@id":"https:\/\/www.layerforged.com\/#\/schema\/logo\/image\/","url":"https:\/\/www.layerforged.com\/wp-content\/uploads\/2022\/06\/cropped-logo-layer.jpg","contentUrl":"https:\/\/www.layerforged.com\/wp-content\/uploads\/2022\/06\/cropped-logo-layer.jpg","width":1240,"height":653,"caption":"Layerforged - Miniaturas 3d impresas en resina"},"image":{"@id":"https:\/\/www.layerforged.com\/#\/schema\/logo\/image\/"},"sameAs":["https:\/\/www.facebook.com\/layerforged","https:\/\/twitter.com\/ForgedLayer","https:\/\/www.instagram.com\/layerforged\/","https:\/\/www.tiktok.com\/@layerforged"]}]}},"_links":{"self":[{"href":"https:\/\/www.layerforged.com\/index.php\/wp-json\/wp\/v2\/product\/1274"}],"collection":[{"href":"https:\/\/www.layerforged.com\/index.php\/wp-json\/wp\/v2\/product"}],"about":[{"href":"https:\/\/www.layerforged.com\/index.php\/wp-json\/wp\/v2\/types\/product"}],"replies":[{"embeddable":true,"href":"https:\/\/www.layerforged.com\/index.php\/wp-json\/wp\/v2\/comments?post=1274"}],"wp:featuredmedia":[{"embeddable":true,"href":"https:\/\/www.layerforged.com\/index.php\/wp-json\/wp\/v2\/media\/1311"}],"wp:attachment":[{"href":"https:\/\/www.layerforged.com\/index.php\/wp-json\/wp\/v2\/media?parent=1274"}],"wp:term":[{"taxonomy":"product_cat","embeddable":true,"href":"https:\/\/www.layerforged.com\/index.php\/wp-json\/wp\/v2\/product_cat?post=1274"},{"taxonomy":"product_tag","embeddable":true,"href":"https:\/\/www.layerforged.com\/index.php\/wp-json\/wp\/v2\/product_tag?post=1274"}],"curies":[{"name":"wp","href":"https:\/\/api.w.org\/{rel}","templated":true}]}}